{"id":29,"date":"2024-11-05T00:08:29","date_gmt":"2024-11-05T00:08:29","guid":{"rendered":"https:\/\/centrorehabilita.cl\/?page_id=29"},"modified":"2024-11-18T23:37:49","modified_gmt":"2024-11-18T23:37:49","slug":"cirugias","status":"publish","type":"page","link":"https:\/\/centrorehabilita.cl\/index.php\/cirugias\/","title":{"rendered":"Cirug\u00edas"},"content":{"rendered":"\n<div class=\"wp-block-cover alignfull is-light\"><span aria-hidden=\"true\" class=\"wp-block-cover__background has-ast-global-color-1-background-color has-background-dim-20 has-background-dim\"><\/span><img loading=\"lazy\" decoding=\"async\" width=\"1560\" height=\"624\" class=\"wp-block-cover__image-background wp-image-189\" alt=\"\" src=\"https:\/\/centrorehabilita.cl\/wp-content\/uploads\/2024\/11\/cirugiaimagen.jpg\" data-object-fit=\"cover\" srcset=\"https:\/\/centrorehabilita.cl\/wp-content\/uploads\/2024\/11\/cirugiaimagen.jpg 1560w, https:\/\/centrorehabilita.cl\/wp-content\/uploads\/2024\/11\/cirugiaimagen-300x120.jpg 300w, https:\/\/centrorehabilita.cl\/wp-content\/uploads\/2024\/11\/cirugiaimagen-1024x410.jpg 1024w, https:\/\/centrorehabilita.cl\/wp-content\/uploads\/2024\/11\/cirugiaimagen-768x307.jpg 768w, https:\/\/centrorehabilita.cl\/wp-content\/uploads\/2024\/11\/cirugiaimagen-1536x614.jpg 1536w\" sizes=\"auto, (max-width: 1560px) 100vw, 1560px\" \/><div class=\"wp-block-cover__inner-container is-layout-constrained wp-block-cover-is-layout-constrained\">\n<div class=\"wp-block-group alignfull is-layout-constrained wp-block-group-is-layout-constrained\">\n<p class=\"has-ast-global-color-5-color has-text-color has-link-color wp-elements-56d240aaa6369963f33b4d69a6479e7a\" style=\"font-size:54px\"><strong>Cirug\u00edas<\/strong><\/p>\n<\/div>\n<\/div><\/div>\n\n\n\n<p class=\"has-ast-global-color-3-color has-text-color has-link-color wp-elements-46aa120c8cb1c29c1904d6590251c4b8\" style=\"margin-top:var(--wp--preset--spacing--60);margin-bottom:var(--wp--preset--spacing--60)\">Contamos con la experiencia cl\u00ednica y con la tecnolog\u00eda que nos permite otorgar una soluci\u00f3n definitiva a los problemas de miop\u00eda, hipermetrop\u00eda, astigmatismo y presbicia. Con esto logramos ofrecer m\u00e1xima seguridad, m\u00e1xima precisi\u00f3n y menor tiempo de recuperaci\u00f3n.<\/p>\n\n\n\n<p class=\"has-ast-global-color-3-color has-text-color has-link-color wp-elements-d7cfdf737d6175123ccf90a9da44a4da\" style=\"margin-top:var(--wp--preset--spacing--60);margin-bottom:var(--wp--preset--spacing--60)\">Somos especialistas en el tratamiento m\u00e9dico y quir\u00fargico de los problemas derivados de las cataratas, glaucoma, patolog\u00edas de la retina, y enfermedades de la c\u00f3rnea, entre otras.<\/p>\n\n\n\n<ul class=\"wp-block-list has-ast-global-color-3-color has-text-color has-link-color wp-elements-59581ad5e70d394422d844a008ea08fb\">\n<li>Cirug\u00eda Lasik Tradicional<\/li>\n\n\n\n<li>Lasek<\/li>\n\n\n\n<li>Lentes ICL<\/li>\n\n\n\n<li>Cirug\u00eda Faco Refractiva<\/li>\n\n\n\n<li>Facoemulsificaci\u00f3n en Catarata<\/li>\n\n\n\n<li>Cirug\u00eda de V\u00edas Lagrimales<\/li>\n\n\n\n<li>Cirug\u00eda de Pterigion<\/li>\n\n\n\n<li>Implante de Anillos Intracorneales o Intraestromales<\/li>\n\n\n\n<li>Crosslinking<\/li>\n\n\n\n<li>Trasplante de C\u00f3rnea<\/li>\n\n\n\n<li>Cirug\u00eda de Glaucoma<\/li>\n\n\n\n<li>Cirug\u00eda de Chalazi\u00f3n<br><\/li>\n<\/ul>\n\n\n\n<figure class=\"wp-block-image size-full is-resized\"><img loading=\"lazy\" decoding=\"async\" width=\"863\" height=\"269\" src=\"https:\/\/centrorehabilita.cl\/wp-content\/uploads\/2024\/11\/logo3.png\" alt=\"\" class=\"wp-image-251\" style=\"width:184px;height:auto\" srcset=\"https:\/\/centrorehabilita.cl\/wp-content\/uploads\/2024\/11\/logo3.png 863w, https:\/\/centrorehabilita.cl\/wp-content\/uploads\/2024\/11\/logo3-300x94.png 300w, https:\/\/centrorehabilita.cl\/wp-content\/uploads\/2024\/11\/logo3-768x239.png 768w\" sizes=\"auto, (max-width: 863px) 100vw, 863px\" \/><\/figure>\n\n\n\n<p><\/p>\n","protected":false},"excerpt":{"rendered":"<p>Contamos con la experiencia cl\u00ednica y con la tecnolog\u00eda que nos permite otorgar una soluci\u00f3n definitiva a los problemas de [&hellip;]<\/p>\n","protected":false},"author":1,"featured_media":0,"parent":0,"menu_order":0,"comment_status":"closed","ping_status":"closed","template":"","meta":{"site-sidebar-layout":"default","site-content-layout":"","ast-site-content-layout":"","site-content-style":"default","site-sidebar-style":"default","ast-global-header-display":"","ast-banner-title-visibility":"","ast-main-header-display":"","ast-hfb-above-header-display":"","ast-hfb-below-header-display":"","ast-hfb-mobile-header-display":"","site-post-title":"disabled","ast-breadcrumbs-content":"","ast-featured-img":"","footer-sml-layout":"","theme-transparent-header-meta":"","adv-header-id-meta":"","stick-header-meta":"","header-above-stick-meta":"","header-main-stick-meta":"","header-below-stick-meta":"","astra-migrate-meta-layouts":"default","ast-page-background-enabled":"default","ast-page-background-meta":{"desktop":{"background-color":"var(--ast-global-color-4)","background-image":"","background-repeat":"repeat","background-position":"center center","background-size":"auto","background-attachment":"scroll","background-type":"","background-media":"","overlay-type":"","overlay-color":"","overlay-opacity":"","overlay-gradient":""},"tablet":{"background-color":"","background-image":"","background-repeat":"repeat","background-position":"center center","background-size":"auto","background-attachment":"scroll","background-type":"","background-media":"","overlay-type":"","overlay-color":"","overlay-opacity":"","overlay-gradient":""},"mobile":{"background-color":"","background-image":"","background-repeat":"repeat","background-position":"center center","background-size":"auto","background-attachment":"scroll","background-type":"","background-media":"","overlay-type":"","overlay-color":"","overlay-opacity":"","overlay-gradient":""}},"ast-content-background-meta":{"desktop":{"background-color":"var(--ast-global-color-5)","background-image":"","background-repeat":"repeat","background-position":"center center","background-size":"auto","background-attachment":"scroll","background-type":"","background-media":"","overlay-type":"","overlay-color":"","overlay-opacity":"","overlay-gradient":""},"tablet":{"background-color":"var(--ast-global-color-5)","background-image":"","background-repeat":"repeat","background-position":"center center","background-size":"auto","background-attachment":"scroll","background-type":"","background-media":"","overlay-type":"","overlay-color":"","overlay-opacity":"","overlay-gradient":""},"mobile":{"background-color":"var(--ast-global-color-5)","background-image":"","background-repeat":"repeat","background-position":"center center","background-size":"auto","background-attachment":"scroll","background-type":"","background-media":"","overlay-type":"","overlay-color":"","overlay-opacity":"","overlay-gradient":""}},"footnotes":""},"class_list":["post-29","page","type-page","status-publish","hentry"],"_links":{"self":[{"href":"https:\/\/centrorehabilita.cl\/index.php\/wp-json\/wp\/v2\/pages\/29","targetHints":{"allow":["GET"]}}],"collection":[{"href":"https:\/\/centrorehabilita.cl\/index.php\/wp-json\/wp\/v2\/pages"}],"about":[{"href":"https:\/\/centrorehabilita.cl\/index.php\/wp-json\/wp\/v2\/types\/page"}],"author":[{"embeddable":true,"href":"https:\/\/centrorehabilita.cl\/index.php\/wp-json\/wp\/v2\/users\/1"}],"replies":[{"embeddable":true,"href":"https:\/\/centrorehabilita.cl\/index.php\/wp-json\/wp\/v2\/comments?post=29"}],"version-history":[{"count":18,"href":"https:\/\/centrorehabilita.cl\/index.php\/wp-json\/wp\/v2\/pages\/29\/revisions"}],"predecessor-version":[{"id":282,"href":"https:\/\/centrorehabilita.cl\/index.php\/wp-json\/wp\/v2\/pages\/29\/revisions\/282"}],"wp:attachment":[{"href":"https:\/\/centrorehabilita.cl\/index.php\/wp-json\/wp\/v2\/media?parent=29"}],"curies":[{"name":"wp","href":"https:\/\/api.w.org\/{rel}","templated":true}]}}